e 36084 = 4*g + 4*r, -552*r = -2*g - 556*r + 18048. List the prime factors of g.
2, 3, 167
Let h(t) = 7*t**2 - 4*t + 15. Let m be h(6). Suppose 3*r = 6*r - 2*a - 377, 0 = 2*r - 3*a - m. List the prime factors of r.
3, 43
Suppose -5*n + 2*f = -211, 76 = 2*n + 3*f - 16. Let c = n - 67. Let a = 171 + c. List the prime factors of a.
3, 7
Let g = -486 - 29. Let r = 814 + g. What are the prime factors of r?
13, 23
Suppose 3*p = 2*m - 117751, 0 = -4*p - 49 + 85. What are the prime factors of m?
58889
Let r = -28 + -4. Let s = 29 + r. List the prime factors of 344/8 + 1 + s.
41
What are the prime factors of 3/9 - (-7178)/3?
2393
Suppose -2*a - 4*z = -372, 5*a = -z + 756 + 210. List the prime factors of a.
2, 97
Suppose 4*r - 1103 = -r - 4*b, r + 2*b - 229 = 0. List the prime factors of r.
5, 43
Let w(a) = -a**3 - 19*a + 15. Let o be w(-13). Suppose 29*z + o = 15480. List the prime factors of z.
449
Let r(k) = 5*k + 144. Let v be r(-29). What are the prime factors of 242*(-14)/(-12) - v/(-3)?
2, 3, 47
Suppose 0 = 2*u + 17 - 23. Suppose 0 = u*q + 15, -3*w - 8*q + 1274 = -9*q. List the prime factors of w.
3, 47
Suppose -5*z - 4*b + 2413 = 0, -13*b - 952 = -2*z - 8*b. What are the prime factors of z?
13, 37
Suppose 6*f = -2*f. Let q be 172 + f - (-3 - -3). Suppose 49 = p + 2*r - r, 3*p = 2*r + q. List the prime factors of p.
2, 3
Let n = 164 + -170. Let l(y) = -5*y**3 - 11*y**2 - 3*y + 24. What are the prime factors of l(n)?
2, 3, 11
Let z(q) = -86*q**3 + 2*q**2 + 7*q + 18. Let r be z(-3). Suppose -2*i + 5*u + r = 0, 0 = -i - 3*u + 404 + 781. List the prime factors of i.
2, 3, 7
Let b be ((-3)/(-9))/((-4)/(-1056)*4). Suppose -b - 33 = -11*h. Suppose -h*c = -0*c - 655. List the prime factors of c.
131
Let k = -177 - -182. Let t(u) = 10*u**2 + 6*u - 37. List the prime factors of t(k).
3
Let r = 3 - 3. Suppose 0 = 38*t - 102 + 26. Suppose -t*v = 4, r*v = o - 4*v - 97. What are the prime factors of o?
89
Let z(h) = 6288*h**3 - 4*h**2 + 2. List the prime factors of z(1).
2, 7, 449
Suppose 0 = -24*x + 809320 - 156712. What are the prime factors of x?
2, 3, 11, 103
Suppose 4*l - 1 = 2*r + 17, 3*r = -5*l + 6. Suppose 4*k - 1186 = -5*m, 4*m - l*k - 690 = m. Suppose 0*a + m = 3*a. What are the prime factors of a?
2, 3, 13
Let r = 17813 + -9313. What are the prime factors of r?
2, 5, 17
Let l be (1*-1)/((-10)/4560). Suppose -4*k = -2*i + 5*i - 691, 2*i = 2*k + l. Suppose 3*z + i = 4*q, -4*q + z = -7*q + 175. List the prime factors of q.
2, 29
Let x be (170/25 + -6)/(1/5). List the prime factors of 87/x*52/(2 + -1).
3, 13, 29
Let l(w) = w + 4. Let a be l(1). Suppose -4*t + 4208 = -4*d + 396, a*d + 941 = t. What are the prime factors of t?
2, 239
Suppose -617*i + 43068 = -301*i - 304*i. What are the prime factors of i?
37, 97
What are the prime factors of (-260)/182 - ((-3837113)/49 - 7)?
2, 39157
Let t(f) = -12*f + 2560. What are the prime factors of t(-28)?
2, 181
Suppose -4*h + h - 2*c = -22, 0 = -5*h + c + 15. Let j be 14/6 + 6/9. Suppose 2*o = 3*g + 72, -2*o - h*g = -j*g - 88. What are the prime factors of o?
2, 3, 7
Let n = 1190 - 1119. Let x(y) = 2*y + 10. Let w be x(7). Let m = n - w. List the prime factors of m.
47
Let q = 187 - 139. List the prime factors of (8 - 2)*(-222)/q*-24.
2, 3, 37
Let z = 1632 - 886. Suppose -z = 6*k - 7*k. What are the prime factors of k?
2, 373
Let u = -116 - -114. What are the prime factors of (20735/(-10))/11*u?
13, 29
What are the prime factors of (-1)/(-15) - ((-237094)/5 - 240/1800)?
47419
Let p = 41 - 34. Let a = p - 5. What are the prime factors of 488/20 + a/(-20)*4?
2, 3
Let k = -237 - -237. Suppose 2*c = -h + 142, -3*c + 4 + 11 = k. What are the prime factors of h?
2, 3, 11
Let i(g) = -51*g + 120. Let c be i(-16). Suppose -2*p = 28*r - 26*r - c, -3*r - 1851 = -4*p. List the prime factors of p.
3, 5, 31
Let c = -28039 + 61852. What are the prime factors of c?
3, 13, 17
Let t(x) = 38*x**2 + 40*x - 8. List the prime factors of t(-16).
2, 5, 227
Suppose -5*p - 38493 = -5*h - 8503, -5*h + 2*p + 29975 = 0. List the prime factors of h.
13, 461
What are the prime factors of 0 - -6 - (-13561 + (-13 - -10))?
2, 5, 23, 59
Suppose 3*d = -4*q - 1875, -2*q - 1252 = d + d. Let g = 381 + d. Let h = g - -370. List the prime factors of h.
2, 61
Suppose 25040 + 120112 = 21*w. Suppose 10*i - 37*i = -w. What are the prime factors of i?
2
Suppose -156025 - 44303 = -18*n + 188688. List the prime factors of n.
2, 3, 1801
Let s(t) be the third derivative of 31*t**4/12 + 8*t**2. Let n be s(2). Suppose -5*q - 4*o + n = -285, 2*o = -3*q + 245. What are the prime factors of q?
3
Let l(i) = i**2 + 23*i - 125. Let g be l(5). Let u(q) = 7*q**2 - 35*q - 23. List the prime factors of u(g).
13, 79
Let s(l) = 18794*l + 6. List the prime factors of s(1).
2, 5, 47
Let w = -10 + 4. Suppose -5*h + 39 = 4*b, -5*b = -2*h + 11 - 2. List the prime factors of (-10 - 0)*(w + h - 21).
2, 5
Let s be (-257871)/(-86) + 2/4. Suppose 7*c - 1327 = s. What are the prime factors of c?
2, 3, 103
Let b = -163 - -168. Suppose -550 = b*a - 1945. What are the prime factors of a?
3, 31
What are the prime factors of (447 - 5)/((-3)/(-9) + 1276/(-4026))?
2, 13, 17, 61
Suppose -4*j + y = -22 - 4, 8 = 2*j - 3*y. Suppose -3*s - 15 = 0, 3*m = -s - j - 4. What are the prime factors of (-3)/(m - (-1 - -2)) - -140?
3, 47
Suppose -171 - 6069 = 6*q. Let h = -213 - q. List the prime factors of h.
827
Let g = 2225 + -524. List the prime factors of g.
3, 7
Suppose 21*h - 2*b = 26*h - 90800, 0 = -2*h + 4*b + 36320. List the prime factors of h.
2, 5, 227
Let v = -9798 + 14317. What are the prime factors of v?
4519
Let t(m) = 3*m**2 - 5*m - 10. Suppose 3*u + 60 = -0*u. Let v = u - -16. What are the prime factors of t(v)?
2, 29
Suppose 2*k = 26275 - 285. Let f = k - 8701. What are the prime factors of 56/(-420) + 1 + f/30?
2, 3
Let d = 2376 + -3635. Let m = d - -2555. List the prime factors of m.
2, 3
Suppose 4*a + 513270 = 94*a. What are the prime factors of a?
3, 1901
Let j(i) = 141*i**3 - 4*i**2 + 6*i - 1. What are the prime factors of j(3)?
2, 947
Let g(w) = 15 + w**2 - 14*w - 10 + w**2 - 21. What are the prime factors of g(-5)?
2, 13
Let u(c) = -1 + 0*c**2 + c**2 - 4*c**2 - c**3 + 13*c - 2*c**2. Let n be u(-7). Suppose -1100 = -16*v + n*v. What are the prime factors of v?
2, 5, 11
Let s = 20134 + -14910. List the prime factors of s.
2, 653
Suppose 12*m - 262927 = 501737. List the prime factors of m.
2, 151, 211
Let v = -5 - -56. Let b = -53 + v. What are the prime factors of b*2/(-32) - (-5944)/64?
3, 31
Let n = -4110 + 7313. List the prime factors of n.
3203
Suppose 4*x + 12 = 0, -5*v - 8*x + 43 = -4*x. Suppose 0 = -f + v - 7. List the prime factors of f.
2
Let z(j) = 0*j + 23*j + 23*j - 13*j + 245 + 11*j. What are the prime factors of z(0)?
5, 7
Suppose 2*y + 5*k - 3546 = 0, 0 = -2*k + 5*k. Suppose -x - y = -10*x. Suppose 21 = 2*j - x. List the prime factors of j.
109
Let y(q) = -q**3 - 2*q**2 - 8*q - 2. Let r be y(-3). Suppose v - 170 + r = 0. List the prime factors of v.
139
Suppose 4*f = -3*j - 7 - 18, 0 = 3*j + 3*f + 21. Let b = 62 - 7. List the prime factors of ((-396)/b)/(j/10).
2, 3
Suppose -3*r = -4*j + 8, 6 = -5*r + j - 13. Let b(p) = 57*p**3 - 58*p**3 - 4 - p**2 - 10*p - 5*p**2. List the prime factors of b(r).
2
Suppose -109*x + 108*x = 3. Let y(u) = -u**2 - u + 9. What are the prime factors of y(x)?
3
Let y = -2780 + 17627. List the prime factors of y.
3, 7, 101
Let w = 23484 + -12135. What are the prime factors of w?
3, 13, 97
Suppose 5*a - 2032 = -t, -t + a = -587 - 1475. List the prime factors of t.
11, 17
Let p(a) = -3*a**2 + 15 - 11*a - 5*a - 8 + 2*a**2. Let x be p(-16). Suppose -12*k + 225 = -x*k. What are the prime factors of k?
3, 5
Suppose 14 = -2*b, 0 = -15*o + 10*o - b + 214783. List the prime factors of o.
2, 47, 457
Suppose -p = -5*b - 6683, -3*p + 922 = -b - 19029. What are the prime factors of p?
2, 3, 277
Let w = -2924 - -4418. Suppose -2*m + w = 4*j, 4*m - 9*j - 2962 = -4*j. What are the prime factors of m?
743
What are the prime factors of ((-73740)/(-30))/((-3)/((-297)/6))?
3, 11, 1229
Let l = -1892 - -13901. What are the prime factors of l?
3, 4003
Let c(t) = -t**3 + 7*t**2 + 7*t + 21. Let a(d) = -d**3 - d**2 + d - 7. Let p be a(-3). Let n be c(p). Let s = 